?
10
Calculate the remainder when 27 is divided by (-34)/(-2) - (-30)/(-10).
13
Suppose 4*f = 2*s - 3*s + 114, 3*s = -6. Calculate the remainder when f is divided by 8.
5
Let a(g) = g**2 - 8*g - 15. Suppose 0*l + l = 11. Let i = -38 - -72. What is the remainder when i is divided by a(l)?
16
Let b(y) = -15*y - 1. Let n(a) = -23*a - 2. Let r(x) = -8*b(x) + 5*n(x). Calculate the remainder when r(6) is divided by 10.
8
Let g = 50 - 43. What is the remainder when 19 is divided by g?
5
Let k(v) = 10*v + 11. What is the remainder when k(9) is divided by 26?
23
Let a(t) = -t**3 + 11*t**2 - 16*t + 40. What is the remainder when 113 is divided by a(9)?
55
Let w be 33/4 - (-6)/8. Let o be (-64)/(-36) - (-2)/w. Suppose k + o*k - 183 = 0. What is the remainder when k is divided by 21?
19
Suppose 0 = -11*u + 12*u - 28. Let s(b) = 2 - 3*b**2 - 1 + 0 + 3*b**3. Calculate the remainder when s(3) is divided by u.
27
Let u be ((-96)/(-10))/(3/15). Suppose 7*c = 5*c + u. Calculate the remainder when c is divided by 13.
11
Let a = -2 - 3. Let z(g) = g**3 + 7*g**2 + 4*g - 3. What is the remainder when z(a) is divided by 7?
6
Let b = -5 + 10. Suppose l - 4*o + 32 = 2*l, l - 14 = b*o. What is the remainder when 94 is divided by l?
22
Let q(w) = w**3 - 2*w**2 + 4*w - 3. Let p be q(2). Suppose -4*t = -p*t + 27. Calculate the remainder when t is divided by 7.
6
Let g = -48 + 86. What is the remainder when g is divided by 13?
12
Let r = 6 - 6. Suppose -2*p + r*p + 128 = 0. Suppose 4*i - 4*z = p, -5*i = 5*z - 8 - 42. Calculate the remainder when i is divided by 7.
6
Suppose -6 = 2*q, -4*q - 272 = p - 6*p. Suppose 4*l - 100 = -2*f, 7*l = 2*l + 3*f + 147. Calculate the remainder when p is divided by l.
25
Let c be (-554)/12 - 7/(-42). Let x = 89 + c. What is the remainder when x is divided by 23?
20
Let t = -49 + 69. Suppose f - 13 = 2*u + t, f - 4*u - 43 = 0. Calculate the remainder when 89 is divided by f.
20
Let v be 6/3 + (0 - 2). Suppose v = -m - 5 + 20. Calculate the remainder when m is divided by 4.
3
Let r = -34 - -49. Let g = -1 + r. What is the remainder when 25 is divided by g?
11
Suppose -2*t = 2*t - 8. Suppose t*v = -3*v + 325. Calculate the remainder when v is divided by 22.
21
Suppose 6*o = o + 100. Suppose 3*r - 7*r = 48. Let p = r + 23. Calculate the remainder when o is divided by p.
9
Let u be (-24)/(-10) - (-10)/(-25). Suppose 2*b + 17 = -5*f, 4*f = u*b - 14 - 14. Calculate the remainder when (0 - 15)*-1 + -2 is divided by b.
1
Let x = -32 + 119. Suppose -x + 19 = -4*s. Let d(m) = 4*m + 8. Calculate the remainder when d(6) is divided by s.
15
Let n = 11 + -21. Let v be (n/(-6) + -2)*-6. Suppose -114 = -l - 2*l - 2*r, -2*r + 76 = v*l. Calculate the remainder when l is divided by 13.
12
Let x(g) = 4*g**2 - 7 + 1 + g**3 - 5*g + 2 + 1. Let i be x(-5). Let w = i - -6. What is the remainder when 4 is divided by w?
1
Suppose 0 = -5*v + 10. Let w = v - 4. What is the remainder when w + -2 + (-90)/(-2) is divided by 14?
13
Let c = 242 - 75. Calculate the remainder when c is divided by 34.
31
Let x = -11 + 15. Suppose -3*a + 29 = 2*a - 4*s, -4*a = -x*s - 20. Suppose l = -l + 34. Calculate the remainder when l is divided by a.
8
Let m(g) be the third derivative of -g**5/60 - g**4/4 - g**3 - 2*g**2. Calculate the remainder when 2 is divided by m(-4).
0
Let g be 0 - (-19 + 0 + 0). Suppose 5*s - z - 23 = 0, -5*s + g = 3*z - 12. What is the remainder when 8 is divided by s?
3
Let c = -56 + 74. What is the remainder when c is divided by 4?
2
Suppose u - 22 = -u. Let r = 80 - 77. Calculate the remainder when u is divided by r.
2
Suppose -3*f + 1 + 2 = 0. Let a(t) = -t**2 - 7*t + 1. Calculate the remainder when a(-7) is divided by f.
0
Let c = 47 - 67. Let j = -7 - c. What is the remainder when 36 is divided by j?
10
Let s = -596 + 610. Calculate the remainder when (1 - 2/4)*82 is divided by s.
13
Let s(c) = 5 - 1 - 9*c + c**2 + 0*c**2 + 2*c. Let f = 15 + -7. Calculate the remainder when s(9) is divided by f.
6
Suppose -3 = -4*d + 1, d + 131 = 4*r. Suppose 5*g + 3*x - 82 = 0, -x + 2*x = -1. What is the remainder when r is divided by g?
16
What is the remainder when (-20)/(4/(-8)*4) is divided by 4?
2
Let n be 192/14 - 4/(-14). Suppose 0 = u, u = 5*k - 34 + n. Suppose -14 = -5*c + 16. What is the remainder when c is divided by k?
2
Suppose -7 = -6*j + 23. Calculate the remainder when 18 is divided by j.
3
Let x(c) = c + 15. Suppose 3*j - j = 6. Calculate the remainder when x(-7) is divided by j.
2
Suppose -56 = -7*o + 84. Calculate the remainder when 38 is divided by o.
18
Let w = 11 + -3. Let z be -15 + (1 - (-3)/(-1)). What is the remainder when w is divided by (-13 - z) + (-1 - -2)?
3
Let a = -18 + 29. Suppose 0 = -f + 2, -2*z + 3*z = 2*f + 16. Calculate the remainder when z is divided by a.
9
Let g(t) = -6*t + 7. Let r be g(6). Let y = r + 51. What is the remainder when y is divided by 6?
4
Let s(m) = -m**3 - 5*m**2 + 2*m - 8. Suppose 5*k = -3*u - 33, 2*u = -0*k - 4*k - 24. What is the remainder when 29 is divided by s(u)?
13
Let s = 71 + -28. Calculate the remainder when s is divided by 8.
3
Let f = -2 - -4. Suppose -z + 6 = -f*s, -6 = -2*z - 3*s + 6. What is the remainder when z is divided by (4 - 2 - 6)/(-1)?
2
Suppose -3*y = 3*m + 18, -5*y = -m - 0*m + 24. Let r = m + 1. Suppose -j = -4*b - 3*j + 78, 4*b + 4*j - 72 = r. Calculate the remainder when 60 is divided by b.
18
Let z = -201 - -215. Suppose -5*r + 77 + 58 = 0. What is the remainder when r is divided by z?
13
Let x(i) = i**2 + 7*i + 9. Let w be x(-7). Suppose w - 55 = -2*r. Calculate the remainder when r is divided by 12.
11
Suppose 2*p = 5*j - 67 - 5, -4*p + 48 = 2*j. What is the remainder when 78 is divided by j?
14
Suppose -4*c + 10 = 2*x, -3*x + 0*x - 25 = -4*c. Suppose 4*b + 29*i = 32*i + 27, 5*b + 5*i - 60 = 0. What is the remainder when b is divided by c?
1
Suppose 54 = 15*m - 276. What is the remainder when 151 is divided by m?
19
Let k(a) = -3*a. Let c be k(-3). Suppose 4*y = 2*z + 110, -163 = -5*y - 3*z - c. What is the remainder when y is divided by 8?
5
Let y(m) = m**2 + 8*m - 52. Calculate the remainder when 62 is divided by y(-13).
10
Let s be (-2)/(-2) + (-135)/(-1). Suppose t + 3*t = s. Calculate the remainder when t is divided by 12.
10
Calculate the remainder when 41 - 2/(3 - 5)*1 is divided by ((-2)/(-3))/(4/66).
9
Let n be (-4 + 9)*2 + -1. Calculate the remainder when 21 is divided by 9 + 5/(15/n).
9
Suppose -3*l + 0 = -24. Suppose 25 = 5*d - 25. Suppose -5*s = -5 - d. What is the remainder when l is divided by s?
2
Suppose 5*u + 10 = 0, 4*x + x - 5*u - 55 = 0. Calculate the remainder when x is divided by 6.
3
Suppose 12 = 3*s - 6. Calculate the remainder when 15 is divided by s.
3
Let i be (-1 + 18/(-4))*-10. Suppose -4 = -3*c - 5*s + 21, -5*c + i = -5*s. Let t = 38 + -10. What is the remainder when t is divided by c?
8
Suppose 0 = -n + 3. Suppose -4*z - 125 = -0*v - n*v, -4*z - 8 = 0. What is the remainder when v is divided by 20?
19
Let m be 28/(-16) - 2/8. Let d = 2 + m. Suppose -5*n + 97 + 18 = d. Calculate the remainder when n is divided by 12.
11
Suppose 6*m - 298 = -46. Suppose 4*j + 4*r + r = 98, -2*j + 54 = 5*r. Calculate the remainder when m is divided by j.
20
Suppose 6 = 3*h - 0. Suppose -5*t = -h*d - 246, -t + 2*t = -2*d + 54. What is the remainder when t is divided by 13?
11
Suppose o - 34 = -o. Suppose 0 = -5*b - 5, 0 = -z - 5*b + o + 19. What is the remainder when z is divided by 14?
13
Suppose 0 = 5*s - 2*r - 114, 0*r = -2*r - 4. Let q(j) = -j**3 - 4*j**2 - 5*j + 5. What is the remainder when q(-6) is divided by s?
19
What is the remainder when 1/(-2)*(-100)/2 is divided by (-2 - (-3)/1) + 8?
7
Suppose 0 = 3*n - 213 - 126. Calculate the remainder when n is divided by 38.
37
Let m be ((-8)/(-2))/(1 - -1). Let t(u) = 7*u. Calculate the remainder when 53 is divided by t(m).
11
What is the remainder when 101 is divided by (-14)/(-28)*(35 - 1)?
16
Suppose -45 = -5*j - 5*z, 3*z = -0*j + 2*j - 23. What is the remainder when (-201)/(-7) + 4/14 is divided by j?
9
Let d(u) = -u**3 - 9*u**2 + 5*u - 4. Suppose -3*y = -2*h + 15, 3*y - 54 = -4*h + y. What is the remainder when d(-10) is divided by h?
10
Let g = 44 - -21. Suppose -g = l - 6*l. Let i(r) = -r**2 - 6*r - 4. Calculate 